lse
Let r = -2 - -6. Let d be -483*(1 + r/(-3)). Suppose -2*l + 2*k = -7*l + d, 4*k + 81 = 3*l. Is l a composite number?
False
Let z(o) = -78*o**2 - 9*o + 1. Let r(k) = -78*k**2 - 10*k. Let d(b) = 5*r(b) - 6*z(b). Is d(2) prime?
False
Let b = -45 - -40. Let v(q) = -18*q**3 + 7*q**2 - 5*q - 13. Is v(b) composite?
False
Suppose -2*u = 5*f - 3475 - 8822, -f + 2*u + 2457 = 0. Suppose -3*i - f = -5*n, 5*i - n + 2*n + 4145 = 0. Let m = 1307 + i. Is m composite?
False
Suppose -17*i + 29*i = 652296. Is i composite?
True
Let w = 1 + 2. Suppose 0 = n + w*n - 16. Suppose -n*z - z = -1255. Is z prime?
True
Suppose 0 = -2*q + 7*q + 320. Suppose -3*j = -0*j - 2*h + 137, -5*h = 2*j + 85. Let n = j - q. Is n a prime number?
True
Is ((-2)/((-32)/28))/((-3)/(-1644)) a prime number?
False
Suppose -2*u + 6449 = -3*x, -2*x = -3*u + 7854 + 1827. Is u a prime number?
True
Suppose 2*j + 14 = -12. Let i = -262 + 218. Let u = j - i. Is u a composite number?
False
Let p(t) = 4*t**2 + 6*t - 10. Let d be p(-13). Let k = d + -207. Is k a composite number?
True
Let a(w) = -w**3 + w**2 - w + 2. Let n be a(0). Suppose 2*i + 10 = 0, n*i + 1480 = 5*u - i. Is u composite?
False
Let d(k) be the second derivative of 3*k**5/20 - k**4/12 + 11*k**3/6 - 5*k**2/2 - 5*k + 2. Is d(8) composite?
True
Suppose -18610 = 71*s - 81*s. Is s a composite number?
False
Let f = 16667 + -9234. Is f prime?
True
Is 38091*-1*(-27)/81 a composite number?
False
Is (14/(-7) - 1) + (-58312)/(-1) prime?
True
Suppose -2*a + 4*x = -5126, -56*a + 4*x = -55*a - 2553. Is a a composite number?
True
Let b be 4/(-5) + (-154)/(-5). Is 159972/b + (-6)/(-10) a prime number?
True
Suppose 20 = -10*k - 10. Is (-2 + k/(-3))/(-1)*797 composite?
False
Suppose 4*n = -k + 51009, 4*n = -k + 6*k - 254925. Is k prime?
True
Let r be -33*-26*4/(-24). Let p = 80 - r. Is p a prime number?
True
Is ((-44808)/(3 - 7))/2 a composite number?
True
Let f(y) = -10*y + 10. Let r(k) = -k**2 + k + 1. Let w(o) = f(o) + r(o). Let v be w(-9). Let n(a) = a**3 - 8*a**2 + 14*a + 6. Is n(v) prime?
True
Let o = -38 + 44. Suppose -o*v = -2*v - 332. Is v composite?
False
Let z = -360 + 365. Suppose 3*m + 2*l = 1083, m + l = -2*l + 354. Suppose -z*k + m = -22. Is k prime?
False
Suppose 7*t - 36949 = 4*t - 5*u, 3*u + 49304 = 4*t. Is t composite?
False
Suppose -2*k + 9*w = 4*w - 7384, -2*k + 7392 = -w. Let r = k - 2572. Suppose 0 = 4*d - d - 3*m - r, 4*d + 2*m - 1524 = 0. Is d a composite number?
False
Let r(i) be the third derivative of i**4/12 + 739*i**3/6 - 2*i**2. Is r(0) composite?
False
Let n be -6*16/(-14)*266. Suppose 0 = 3*l - 5*m - n + 685, 3*l + 3*m = 1107. Is l a composite number?
False
Is ((3 + 2)/5)/((-2)/(-10702)) a composite number?
False
Suppose 0 = 5*n - 6*n + 13. Suppose 7062 = -n*h + 19*h. Is h prime?
False
Suppose -14*k = -342 - 2332. Is k composite?
False
Suppose -1810 = -5*p + 5*n, 5*n = -5*p + 2*n + 1786. Suppose -3*f - y + p = 0, 4*f - y + 2*y - 478 = 0. Suppose z - f = 30. Is z composite?
False
Let y = 1339 + 8362. Is y composite?
True
Let i be 12/(-6)*2*-1. Suppose -5*j + 2*j - 701 = -w, -i = -2*j. Suppose -741 = -3*q - 4*z, -560 - w = -5*q + 4*z. Is q a composite number?
False
Let y = 18 - 13. Suppose y*w = -p + 187, -2*w + p = -3*w + 39. Is w composite?
False
Suppose 5*t - 213 = 217. Is t prime?
False
Let h(m) = m**2 - 12*m + 52. Let f be ((-11)/11)/(-1*1/25). Is h(f) a composite number?
True
Suppose -5*p - 2*b = -b + 35, 26 = -2*p + 2*b. Let c(n) = 22*n - 11. Let g(q) = -43*q + 21. Let i(y) = 11*c(y) + 6*g(y). Is i(p) a prime number?
False
Let t(v) = 8*v**3 - 14*v**2 + 5*v - 7. Let p be t(4). Let c = p + -190. Is c a prime number?
False
Let u(q) = -21*q**2 + 2*q - 2. Let m be u(-4). Let n = -240 - m. Is n a composite number?
True
Let u(c) = c + 6. Let x(z) = 2*z**2 - 6*z - 4. Let f be x(3). Let a be u(f). Suppose -3*r + 2525 = a*r. Is r a composite number?
True
Suppose 5*b + 4*w = 788, -b + 3*w = -5*b + 631. Suppose -2*r + 2*z + b = -z, -r = -3*z - 83. Is r a prime number?
False
Is -4 + (57020 - (-20)/(1 + -5)) a prime number?
False
Suppose -n - 2*c = -6969, -2*n - 5*c = -10*c - 13947. Suppose 0 = 3*m - 4*l - n, 0*m + 2*l = -3*m + 6995. Is m prime?
False
Let t be 28/(-21)*3/(-2). Is (4 - -35)*t + -1 prime?
False
Let s = 5825 - 3292. Is s prime?
False
Suppose 2*g = 4*p + 82, -5*g + 5*p = -93 - 87. Let n(f) = -2 + g + 4*f + 8. Is n(0) a composite number?
False
Suppose 0*b = 5*b - 20. Let v be (4 - 16/(-7)) + (-4)/14. Suppose -b*o + 3*x + 25 = 0, 0 = v*o - 11*o - 5*x + 40. Is o a composite number?
False
Suppose -7*w + 77511 = 14*w. Is w composite?
False
Let y(q) be the first derivative of q**2/2 + 11*q + 7. Let b be y(-11). Let j(h) = -h**3 + h + 35. Is j(b) a prime number?
False
Let s(m) = -60*m - 1. Let x be s(4). Suppose 4*l + 587 = 99. Let f = l - x. Is f a prime number?
False
Let q(t) = 66*t**3 + 3*t**2 - t - 1. Let l(d) = -d + 5. Let k be l(4). Is q(k) composite?
False
Suppose -y - 4 + 3 = 0. Let x be (6/(-12))/(y/2). Is ((-116)/(-16))/(x/44) composite?
True
Suppose 18 = x + x. Suppose x*i - 2030 = 949. Is i a composite number?
False
Let f be (-6*4/(-3))/((-9)/(-1134)). Suppose -f = -3*o + 249. Is o a composite number?
False
Suppose -4*q + 11332 = -5824. Is q a prime number?
True
Let c be (20/15)/((-2)/(-258)). Suppose -4*o - 5*v = -c, o + 2*v = 12 + 31. Is o prime?
True
Let r = 7 - 4. Suppose -3*x = -r*b + 882, -3*b - 2*x = -x - 878. Is b composite?
False
Let j be (-28 - -5)/(3/(-318)). Suppose -2*m + 0*m = -j. Suppose -308 = t - m. Is t a composite number?
False
Suppose -5*x = 2*g - 33, -3*g + 2*x = -2 - 0. Suppose -204 - 2 = -p + 3*c, -g*c - 598 = -3*p. Is p composite?
True
Let j = 139 - 139. Suppose j*u - 1068 = -4*u. Is u a composite number?
True
Let l(d) = d**3 + 13*d**2 - 14*d - 12. Suppose -t - 2*s = 6, -5*t - 41 - 7 = s. Let x be l(t). Is x/3 - (-4)/12 prime?
False
Let l(r) = -3797*r + 9. Is l(-2) prime?
True
Is 1/(492460/(-164155) + 3) composite?
False
Let a = -14 - -17. Suppose w - a*s - 117 = 3*w, 4*s - 82 = 2*w. Let j = -28 - w. Is j a prime number?
True
Is (0 + -2)/(7/((-59493)/6)) prime?
True
Let r(o) = o**3 + 13*o**2 - 6*o + 1. Let q be (-6)/(-5)*285/(-38). Is r(q) prime?
True
Let w = 143979 - 88417. Suppose 0 = 5*z - q - w, 5*z - 6*q - 55550 = -q. Is z composite?
False
Let f(s) = 92*s + 13. Let a(k) = k**3 + 10*k**2 - 4*k - 13. Let d be a(-10). Let j = d - 23. Is f(j) prime?
False
Is 4/(-30) + (18 - 4194873/(-135)) composite?
False
Suppose -m - 2*a = 2*a - 1715, 5*a + 5077 = 3*m. Let y = 2444 - m. Is y prime?
False
Let w(t) = t**3 + 5*t**2 - 4*t + 7. Let m = 26 + -32. Let l be w(m). Is 2/l*(-7335)/9 a prime number?
False
Suppose 2*l - l - 47 = 0. Let z be (-35)/(-10) - 2/(3 + 1). Suppose l + 706 = z*m. Is m prime?
True
Suppose -125*v + 165*v = 947960. Is v a prime number?
False
Let o = 31 - 31. Suppose 14*i - 10*i - 1612 = o. Is i composite?
True
Let m(h) = -21*h**2 + 2*h + 7. Let s be m(-3). Let k = s + 373. Suppose 10*d = 15*d - k. Is d a prime number?
True
Suppose -5*r - 10 = -z + 12, 2*z + 4*r = -12. Suppose 3*q - 4153 = 2*b, -z*b - 2754 = -2*q + 3*b. Is q composite?
True
Is 41612/10 + 76/95 composite?
True
Let m = 2134 + -1433. Is m a composite number?
False
Suppose u - 2226 = 2*g, -11*g + 6650 = 3*u - 10*g. Is u a composite number?
True
Let f = 381 + -258. Let n(d) = -3*d**2 - 8*d + 35. Let r be n(5). Let j = r + f. Is j prime?
True
Suppose -5*w - 33 = -s - w, 2*w + 49 = 3*s. Suppose -s*m + 10*m + 9 = 0. Is (m + 3)*(-106)/(-4) composite?
True
Let x = -31 + 236. Let y = 416 - x. Is y a composite number?
False
Let q = 425 - -114. Suppose a - 400 = q. Is a a composite number?
True
Let v be (-58)/((4/5)/((-84)/(-30))). Suppose -5*o + 2*l + 2*l = -1538, -5*l = 5*o - 1520. Let f = v + o. Is f a composite number?
False
Let g(a) = 12*a**2 + 16*a - 14. Let o be g(-16). Suppose 0*l + i = -l + 699, -4*l - i = -o. Is l composite?
False
Let o be 14/(-105) + (-64)/(-30). Suppose o*x = 155 + 87. Is x composite?
True
Let u be (3/4)/(34/8 - 4). Suppose 5*v = -a + 637, u*v - a - 633 = -2*v. Is v a prime number?
True
Let y = 47 + -29. Let m be 3 - ((-4)/(-2) + -5). Is (-3)/y - (-1147)/m a composite number?
False
Let y = 582 + 3353. Is y a prime number?
False
Suppose -h - 2*q + 0 = -4, -6 = -4*h - 3*q. Is (-5 - h)/(